d u?
7
Let n = -6 - -102. Suppose 2*c + 2*v - 194 = -c, -v = 4*c - 257. What is the highest common factor of n and c?
32
Let b = -610 + 625. What is the greatest common factor of b and 1095?
15
Suppose -19*s - 275 = -30*s. What is the greatest common divisor of 15 and s?
5
Suppose -q - 30 = -5*i, -7*q = 4*i - 2*q - 24. Let p(m) = m**2 + 28. Let v be p(i). Calculate the highest common factor of 8 and v.
8
Let d be (4 + -3)/(3/30). Let k(n) = -n**2 - 22*n + 14. Let s be k(-6). What is the greatest common factor of s and d?
10
Suppose 3*z + 3 = 0, -3*y = -7*y - 5*z + 183. Suppose y = 2*u - 9. What is the greatest common factor of u and 112?
28
Suppose -g = -3*f + 9, 2*f + 3*g = -3 - 2. Let w be 1261/78 + f/(-12). Let o = 6 + -2. What is the greatest common factor of w and o?
4
Suppose -17*z + 22*z = 110. What is the greatest common factor of 418 and z?
22
Let t be (8 + -8)*(-1)/(-2). Let c(w) = w**2 - w + 6. Let b be c(t). Suppose -4*i = -5*p - 30, -p - b = -i + 2. What is the highest common factor of 50 and i?
10
Let m be (0 - (-6)/21)*56. What is the highest common factor of m and 496?
16
Suppose 0 = -5*a + 2*c - 66402, 20087 = 4*a + 3*c + 73204. Let v be a/(-130) - 4/26. What is the highest common factor of v and 6?
6
Let z = 81 - 0. Suppose 0 = 4*n - z + 1. Suppose -2*y = -3*y + 50. What is the greatest common divisor of y and n?
10
Let z = -1156 - -1188. Calculate the highest common divisor of 18 and z.
2
Let h be (-8)/(-52) + (-435)/39. Suppose -9 = 5*x + 6. Let o = x - h. What is the greatest common factor of 16 and o?
8
Let n be ((-975)/52 + 18)*(2 - 30). Let b = 9 - -47. What is the greatest common factor of b and n?
7
Suppose 4*y = c + 14, -4*c - 7 - 1 = -4*y. Let m be (-6)/24 - (-193)/4. Suppose 5*o - m = -18. Calculate the greatest common factor of o and y.
2
Let b = 239 - 144. Let l be (-8)/((-16)/(-14)) + 45. What is the highest common divisor of l and b?
19
Let w = 11 + -9. Let p(u) = 2*u**2 + 166*u + u**w - 182*u + 6. Let h be p(6). What is the highest common factor of h and 144?
18
Suppose 0 = 2*l - 6 - 4. Suppose 5*i = 3*q - 34, -q - l*i + 3*i = 7. Suppose q*d - s = 55, -d + 41 = d - 5*s. What is the highest common divisor of 144 and d?
18
Suppose 9222 - 1742 = 10*g. Calculate the greatest common factor of g and 11.
11
Let u be (-20247)/(-204) + 3/4. What is the highest common factor of u and 4?
4
Let o(q) = 3*q - 41. Let k be o(15). Let t(a) = a**2 - 5. Let h be t(k). What is the greatest common factor of 22 and h?
11
Let o = -13 + 23. Let c be ((-112)/(-24))/((-2)/9). Let n be 1 + 15 - (17 + c). What is the highest common factor of n and o?
10
Let s be 2 - 3 - 41/(-1). Let i be (-9)/(9/(-2)) + -8. Let g = i + 16. Calculate the highest common divisor of g and s.
10
Let q(j) = -j**2 - 20*j + 22. Let z be q(-20). Calculate the highest common divisor of z and 187.
11
Let q be (-1 + 2)*(-138)/(-6) - -4. Suppose -6*n + 12 = -2*n. Calculate the greatest common factor of n and q.
3
Let l = 9 + 2. Let g = 3 + -6. Let c = l - g. Calculate the highest common divisor of c and 2.
2
Suppose -19*t + 9588 = -2*t. Calculate the highest common factor of 470 and t.
94
Let p be -2*(-3)/12 + 1788/8. Let v be 462/(-121) + 2/(-11) + p. Calculate the greatest common divisor of 22 and v.
22
Let v = -83 - -111. Suppose 5*o - z - 610 = -0*z, -3*o + 383 = -4*z. Suppose -3*g + 215 + o = 0. What is the greatest common divisor of g and v?
28
Let q = 0 + 0. Let y(l) = -l**3 + l**2 - l + 45. Let z be y(q). Let k(c) = 7*c + 124. Let j be k(-17). What is the highest common factor of z and j?
5
Let v be 75/15*4/10. Suppose 0 = -v*o + 30. What is the highest common divisor of 60 and o?
15
Suppose -3*x + 4 = -3*o - 23, 6 = -2*o. Suppose x*k - 209 = 223. Calculate the highest common factor of 9 and k.
9
Suppose 2*l - 2*u = 82, -4*l + 3*u - u + 162 = 0. Calculate the highest common divisor of l and 360.
40
Suppose 159 = -5*t + 219. Calculate the highest common divisor of t and 24.
12
Suppose 46*m - 56*m = -800. What is the highest common divisor of 5 and m?
5
Let z be -1 - -6 - 0/9. Suppose -458 = z*y + 82. Let o = 236 + y. Calculate the highest common divisor of o and 16.
16
Let a = 61 + 19. Let m = -1 + 5. Suppose 3*q = -2*h + 13, 4*q - m = -2*h + 8. What is the greatest common factor of a and h?
8
Let w(b) = -b**3 + 10*b**2 + 15*b - 20. Let r be w(9). Calculate the greatest common factor of 98 and r.
98
Let s(z) = z**3 - z**2 + 2*z - 3. Let k be s(2). Let v = 2758 + -2713. What is the greatest common divisor of k and v?
5
Suppose -2*r + 0*r = -4*f + 140, 3*f - 83 = -4*r. Let n = 55 - f. Let l = -607 - -640. What is the greatest common divisor of l and n?
11
Suppose 0 = 5*a - a - 384. Suppose 4*m + 4*n = -244, -5*m - 233 = 3*n + 74. Let k = a + m. What is the greatest common factor of k and 51?
17
Suppose d - d + 3*d = 0. Suppose d = -6*w + 171 - 3. Calculate the highest common divisor of 21 and w.
7
Suppose 925 = 19*t + 298. What is the highest common factor of 11 and t?
11
Let d = 435 - 420. What is the greatest common factor of 6 and d?
3
Let n be -23 + -4 + -4 + 5. Let z be (-98)/(-4) + 1 - (-39)/n. What is the greatest common divisor of 84 and z?
12
Let v be (0 + 1)*(20 - -1). Suppose 3 = w + 3*d, 20*d - 9 = -2*w + 17*d. Suppose -3*c - w + v = 0. What is the highest common divisor of c and 5?
5
Let a = 1401 - 1293. What is the highest common factor of 1188 and a?
108
Let u = -360 + 365. What is the greatest common divisor of u and 55?
5
Let p be ((-50)/15)/(2/3). Let q be (-1 + p)*(-6)/4. Let j = q - 1. What is the greatest common factor of j and 64?
8
Suppose -4*i + 3*a + 130 = 0, 2*a + 11 = i - 19. Let c = -11 + -11. Let n = i + c. What is the greatest common factor of 3 and n?
3
Suppose 3*d + 2*s - 25 = 7*s, s = -2. Suppose 34 - 169 = -d*p. What is the greatest common factor of p and 18?
9
Let c = 15 - -3. Suppose 3*j - 81 - 27 = 0. What is the highest common factor of c and j?
18
Suppose -82*f + 1210 = -60*f. Calculate the greatest common divisor of f and 297.
11
Suppose -u + 2*y + y = -18, -10 = -u + y. Let p(n) = -n**3 + 5*n**2 + 5*n + 8. Let w be p(u). Calculate the highest common divisor of w and 7.
1
Let g(i) = 0*i**2 - i - 10*i + 2*i**2 + 2*i**3. Let b be g(-6). Let c be (-8)/(-6)*b/(-28). Calculate the highest common factor of 112 and c.
14
Let y(n) = 5*n**2 + 2*n. Let l be y(2). Let d = 19 + -80. Let p = d + 85. Calculate the greatest common factor of l and p.
24
Let u = -28 - -32. Suppose 0 = g + 2*w + 203, u*g - 4*w + 527 + 237 = 0. Let x be 3/7 - g/35. Calculate the highest common factor of 2 and x.
2
Let s(u) = -15*u - 1. Let r be (7 - (4 - 2)) + 0. Let p be s(r). Let h be (1 - 2)*(p + 6). What is the highest common factor of 28 and h?
14
Let u(k) = -14*k**2 - k**3 + 0*k**3 + 3 - 2*k - 1. Let y be u(-14). Let b = -23 + 35. What is the greatest common factor of y and b?
6
Let o(f) = 8*f + 14. Let t be o(0). Let k = 16 + t. Calculate the greatest common factor of 50 and k.
10
Let f = -69 - -39. Let l = f + 45. Calculate the highest common factor of l and 75.
15
Suppose -2*h + 15 = 3*h. Let d be (-2)/(21/12 - 2). Let w be -2 - 4/(-4)*d. Calculate the highest common divisor of w and h.
3
Suppose 0*f - 55 = -5*f. Calculate the greatest common factor of 242 and f.
11
Suppose -4*b = 6 + 6. Let y be 1*b - 9/(-3). Suppose y = -0*f + 5*f - 160. Calculate the greatest common factor of 8 and f.
8
Suppose 5*h = h - 8, j - 3*h - 28 = 0. What is the highest common divisor of j and 110?
22
Let x be (3/2 - 2)*0. Let c be 8/(-1 + 3) + x. Let q(p) = -2*p**3 + 10*p**2 + 2*p - 9. Let l be q(5). What is the greatest common factor of c and l?
1
Suppose 0 = -5*g + 11*g + 6. Let o be ((-48)/18)/(g/6). Calculate the greatest common divisor of o and 32.
16
Suppose 5*k - r = 28065, -17*k + 22*k - 28085 = 5*r. Calculate the greatest common divisor of k and 92.
92
Let s be (30 - 28)*(3 + 1). What is the greatest common divisor of 664 and s?
8
Suppose -2*p - 5 + 31 = -3*l, -4*l - 30 = -2*p. Let j = p - -91. Let d = -1824 - -1838. What is the greatest common divisor of j and d?
14
Suppose -3*w = -9, 0 = -2*l + w + 23 + 78. Let p be ((-1 - 1) + 2)/(-1). Suppose -f - 3 = p, 3*a + f - 11 = 25. What is the greatest common factor of a and l?
13
Suppose -1314 = 3*a - w + 3*w,